
What is 386096 (base 11) in base 13?
183bab
Convert 351700 (base 8) to base 9.
202228
-136663 (base 12) to base 16
-4eb2b
What is -257737 (base 11) in base 5?
-100434021
-711209 (base 15) to base 14
-9db056
What is 32533505 (base 6) in base 2?
11101110011101010001
Convert 7000871 (base 9) to base 12.
12b52a7
Convert -1ae4d (base 16) to base 11.
-75843
Convert 2236349 (base 10) to base 8.
10417675
What is 2234915 (base 10) in base 4?
20201220203
Convert -109264 (base 11) to base 13.
-60b90
Convert -2b98d (base 16) to base 13.
-63385
Convert -34470341 (base 9) to base 3.
-1011112100101101
Convert -240116 (base 10) to base 15.
-4b22b
Convert -103230132 (base 4) to base 16.
-13b1e
Convert 10001001110111111 (base 2) to base 8.
211677
What is 13030748 (base 10) in base 11?
73a0215
What is 2120110002100 (base 3) in base 14?
278226
Convert -46b6 (base 15) to base 11.
-10316
Convert 3112340430 (base 5) to base 13.
1421050
Convert -54324 (base 14) to base 9.
-340346
-121021201112000 (base 3) to base 13
-1a40654
1a4b5a (base 13) to base 11
416662
What is 262639 (base 14) in base 10?
1312859
What is 939a0 (base 11) in base 4?
201130001
Convert bc83 (base 15) to base 5.
2234243
2526d5 (base 14) to base 4
10313023103
3030003231 (base 4) to base 6
25525313
Convert -162512 (base 8) to base 6.
-1131430
What is -2011320232 (base 4) in base 8?
-2057056
What is 26b5a28 (base 13) in base 16?
ba4880
Convert 6b889 (base 13) to base 2.
110000000110000110
32212111103 (base 4) to base 3
21012102200202
Convert -418503 (base 9) to base 5.
-30431442
What is -2001110020 (base 4) in base 11?
-331a50
Convert 303436 (base 7) to base 3.
2121212211
63540 (base 7) to base 2
11110101011100
What is 3026236 (base 7) in base 9?
607654
Convert -442324243 (base 5) to base 13.
-5219b0
-cca4c (base 14) to base 10
-495948
What is -10ba88 (base 14) in base 8?
-2131350
What is -12111121021 (base 3) in base 15?
-22171
Convert -21030024 (base 5) to base 15.
-36744
-55052254 (base 6) to base 16
-19062a
What is 367757 (base 9) in base 7?
1613626
What is 176fc0 (base 16) in base 9?
2800815
-21000222103 (base 4) to base 13
-649147
Convert -23b5d3 (base 15) to base 4.
-12201100101
22320320 (base 4) to base 15
d335
Convert -1e8e19 (base 15) to base 5.
-340421144
-6382a (base 11) to base 2
-10110101010100111
-4818617 (base 9) to base 14
-4bd799
Convert 885863 (base 9) to base 11.
331689
Convert 2a8cb18 (base 13) to base 15.
12e17da
10341030402 (base 5) to base 7
164526103
-1547254 (base 8) to base 13
-1280a3
62937 (base 13) to base 4
223102233
-52513a (base 15) to base 9
-7326671
1304324 (base 6) to base 15
16067
Convert -235432324 (base 6) to base 4.
-101002302130
19848 (base 11) to base 9
41821
What is -11100000001011001 (base 2) in base 5?
-12133102
Convert -506518 (base 9) to base 14.
-7b4b7
5eefca (base 16) to base 6
341204254
What is 61461355 (base 7) in base 14?
97b7d5
-287a7 (base 15) to base 16
-1fbbe
b9434 (base 14) to base 3
211202200101
Convert -11330013 (base 4) to base 12.
-120b3
3501 (base 7) to base 16
4fb
Convert 522177 (base 9) to base 15.
61ca1
What is 3201b4 (base 15) in base 13?
654262
-4d03e3 (base 15) to base 12
-12a3229
-2211010301 (base 4) to base 3
-1021100111102
What is 1000110110011100 (base 2) in base 6?
435500
What is -2340253 (base 8) in base 4?
-2130002223
Convert 1999a (base 14) to base 15.
143e2
Convert -11011000100011011 (base 2) to base 3.
-12122002111
Convert -724663 (base 8) to base 13.
-85356
What is 32112221323 (base 4) in base 15?
4e4d91
What is 4474 (base 15) in base 12?
8491
840c5 (base 13) to base 9
401628
What is -2657412 (base 11) in base 3?
-22122022122122
What is -3144025 (base 6) in base 14?
-400a5
Convert 31103130 (base 6) to base 14.
194206
What is -8678474 (base 9) in base 3?
-22202122112111
Convert 10001101101101011010 (base 2) to base 15.
b6eb2
Convert 100100011000101001100001 (base 2) to base 7.
144034001
-1001231134 (base 5) to base 7
-22542656
-11feec (base 16) to base 8
-4377354
-7723024 (base 8) to base 16
-1fa614
Convert -1023033 (base 8) to base 11.
-176311
200222012112 (base 4) to base 7
132524214
1001011111110110100111 (base 2) to base 16
25fda7
What is -246016 (base 8) in base 4?
-110300032
What is -6a46c (base 16) in base 15?
-88ea8
What is 3d37b9 (base 15) in base 3?
12112210001210
110101110111001001 (base 2) to base 13
79557
What is -1364483 (base 9) in base 8?
-2673245
What is -66745046 (base 8) in base 15?
-13e7d59
Convert -a28a9 (base 13) to base 15.
-5b580
-1ce9c (base 16) to base 15
-25153
-15636 (base 16) to base 13
-30b4c
-86ee (base 16) to base 12
-17ba6
Convert 31b42 (base 14) to base 11.
82349
What is 122221112 (base 3) in base 14?
4aa6
1111010111101001010100 (base 2) to base 3
21120200202200
Convert 707841 (base 9) to base 6.
12552231
Convert -211312101102 (base 4) to base 15.
-d0eb13
-552404 (base 10) to base 15
-ada1e
What is -355064 (base 12) in base 10?
-858892
What is -594b6 (base 12) in base 13?
-42798
-685843 (base 10) to base 14
-13bd2b
638844 (base 11) to base 8
3713705
-825a (base 15) to base 9
-41684
What is 223679 (base 10) in base 4?
312212333
What is 2229957 (base 13) in base 8?
47752304
236360 (base 9) to base 11
98032
What is -1020210022002 (base 3) in base 16?
-a25ea
What is 30310301011 (base 4) in base 10?
3361861
434353 (base 7) to base 4
102203110
Convert -4311153 (base 6) to base 7.
-1540500
100700 (base 14) to base 12
220050
-1466463 (base 7) to base 3
-101020112000
Convert 333c9 (base 13) to base 6.
1554150
Convert 132a253 (base 11) to base 10.
2297606
Convert -3542153 (base 6) to base 7.
-1365666
Convert 10111110010100001011 (base 2) to base 8.
2762413
Convert -426558 (base 9) to base 11.
-163a46
86bc (base 15) to base 10
28527
Convert 122344223 (base 5) to base 13.
178a5c
What is 8263730 (base 10) in base 6?
453042002
What is -1100221110110 (base 3) in base 10?
-727149
Convert -294041 (base 13) to base 8.
-3661534
Convert 526414 (base 15) to base 4.
32330312332
Convert -10425 (base 10) to base 7.
-42252
-1228514 (base 9) to base 2
-10100011010011101111
Convert -160552 (base 8) to base 6.
-1123054
1000100110011000011 (base 2) to base 3
112022112212
What is -1000000000011000111000 (base 2) in base 16?
-200638
22231011 (base 5) to base 16
2fcac
What is -6283d3 (base 14) in base 12?
-1145085
What is 40e4c8 (base 16) in base 7?
51102021
What is -430433 (base 13) in base 3?
-2221211210102
-411331 (base 8) to base 15
-2a3ec
Convert 63134151 (base 7) to base 9.
11007186
Convert -9aa88 (base 13) to base 9.
-467183
What is -1666c38 (base 13) in base 11?
-40a6460
-3dd0d (base 15) to base 8
-604040
-1521552 (base 6) to base 10
-88556
What is -231265 (base 7) in base 16?
-a159
222010230202 (base 4) to base 5
10310414112
Convert 123013020 (base 4) to base 3.
12122022220
-21230431 (base 8) to base 9
-8471212
What is -21001010020111 (base 3) in base 12?
-1305704
What is -1211402 (base 11) in base 2?
-1000000011001010101001
10a606 (base 13) to base 15
7bc58
What is 4244112 (base 6) in base 11?
132525
What is -21303131 (base 5) in base 11?
-114541
What is -11001111101001010111 (base 2) in base 9?
-1535621
What is -56704 (base 9) in base 8?
-111566
-1113279 (base 13) to base 5
-2314434232
Convert 1213277 (base 8) to base 4.
1101122333
Convert 2220871 (base 9) to base 11.
746755
What is 33100214 (base 5) in base 3?
112110011121
-2131214131 (base 5) to base 8
-21277063
577254 (base 9) to base 3
122121021211
4555150 (base 8) to base 3
2022202212111
What is -72d75 (base 16) in base 3?
-212220020211
What is 232112332 (base 5) in base 12?
428247
What is 1b51a1 (base 13) in base 4?
2222012231
2a8d6 (base 14) to base 6
2134512
-10762865 (base 9) to base 10
-5237843
-a0093a (base 13) to base 8
-16126704
1221303200 (base 4) to base 2
1101001110011100000
Convert -32233323 (base 6) to base 7.
-11050251
a299a (base 11) to base 9
248116
Convert 20121020201 (base 3) to base 10.
129943
21313224 (base 5) to base 10
182314
-ac40 (base 14) to base 9
-44844
What is -4503524 (base 6) in base 14?
-5c6ba
-645307 (base 8) to base 13
-77283
What is 44839 (base 12) in base 3?
11121220100
Convert 110110111101011001 (base 2) to base 11.
144149
Convert 1102010020101 (base 3) to base 14.
15761b
What is -24423604 (base 7) in base 5?
-103010